 base 7, what is 13 - -2625?
2641
In base 8, what is 24 + -164?
-140
In base 11, what is -24 - 113?
-137
In base 4, what is -230 + 1202?
312
In base 12, what is 1 - b3?
-b2
In base 15, what is 8 - 1b?
-13
In base 10, what is -17 + -203?
-220
In base 16, what is e8 - 7?
e1
In base 2, what is -100 - -10001011011?
10001010111
In base 2, what is 100001010101 + -1001?
100001001100
In base 2, what is 11001 - -11110100?
100001101
In base 7, what is 4 - 124?
-120
In base 4, what is 302 - -21?
323
In base 6, what is 35502 - -1?
35503
In base 13, what is -9b + -11?
-ac
In base 10, what is 5 + -86?
-81
In base 6, what is -2504 - -3?
-2501
In base 3, what is 2211 - -1?
2212
In base 11, what is 63 + 34?
97
In base 6, what is -3 + 141?
134
In base 6, what is 3121 - -25?
3150
In base 6, what is 322 - 1?
321
In base 15, what is a + -128?
-11d
In base 11, what is 0 - 24?
-24
In base 16, what is d6 + -1?
d5
In base 16, what is 365 + -2?
363
In base 13, what is -90b + 3?
-908
In base 9, what is -60 - -20?
-40
In base 9, what is 882 - 42?
840
In base 2, what is 111 + 1001110100?
1001111011
In base 6, what is -4 - 350?
-354
In base 5, what is -43 + 102?
4
In base 2, what is 110100 + 10000010?
10110110
In base 3, what is 210120 - -20?
210210
In base 14, what is -15 + 15?
0
In base 5, what is -10 - 32?
-42
In base 3, what is 210 - 10?
200
In base 5, what is -32 - 142?
-224
In base 15, what is 5 - -33?
38
In base 16, what is 0 - 31?
-31
In base 8, what is 233 - 5?
226
In base 16, what is -e + -1a?
-28
In base 2, what is -101 + 101101?
101000
In base 9, what is 16 - -27?
44
In base 2, what is -11101011010 - -1?
-11101011001
In base 10, what is 8 - 929?
-921
In base 8, what is -142 + 0?
-142
In base 12, what is -2 + -23b?
-241
In base 6, what is -10 - -4051?
4041
In base 3, what is -1120 + 10?
-1110
In base 9, what is 18 - -85?
114
In base 2, what is -1110001 + -100010?
-10010011
In base 10, what is 9874 + 4?
9878
In base 15, what is 15ad - -4?
15b2
In base 16, what is -1 - 587?
-588
In base 9, what is -21 - 7?
-28
In base 5, what is 0 + -24?
-24
In base 10, what is 300 - -106?
406
In base 3, what is 2002 + -1?
2001
In base 15, what is b - 43?
-37
In base 9, what is -5 - -331?
325
In base 14, what is -60 - -55?
-9
In base 15, what is -97 - 9?
-a1
In base 13, what is 2 + 25a?
25c
In base 4, what is -20 - -20?
0
In base 5, what is -4 - 240?
-244
In base 6, what is 2024 - 0?
2024
In base 9, what is 3 - -347?
351
In base 4, what is 300 + 30?
330
In base 8, what is 4 + -13?
-7
In base 15, what is 25 + -1?
24
In base 12, what is 72 + -4?
6a
In base 10, what is -453 + -4?
-457
In base 14, what is -19ab - 0?
-19ab
In base 9, what is -3 + 7?
4
In base 6, what is -253 - -355?
102
In base 8, what is 35 + 250?
305
In base 3, what is -2112101 + -10?
-2112111
In base 7, what is 13 - 23?
-10
In base 15, what is -2 + -95?
-97
In base 14, what is -15 - -3?
-12
In base 5, what is -11 + 13004?
12443
In base 2, what is -100010 - 100?
-100110
In base 6, what is 0 - -31?
31
In base 10, what is -4 - -54?
50
In base 8, what is -1111 + -5?
-1116
In base 11, what is -15 + -22?
-37
In base 7, what is 4 + 53?
60
In base 6, what is 10 - -3114?
3124
In base 10, what is 5 + 119?
124
In base 12, what is -156 + 7?
-14b
In base 9, what is 14 + 0?
14
In base 7, what is 25641 - -4?
25645
In base 3, what is -220 - -10120?
2200
In base 3, what is -10 + 111?
101
In base 15, what is 289 + 13?
29c
In base 12, what is 12 - 2b?
-19
In base 6, what is 5 - -1232?
1241
In base 8, what is 376 - -44?
442
In base 5, what is 4 - 43400?
-43341
In base 12, what is -913 - 1?
-914
In base 8, what is -45 + -6?
-53
In base 9, what is -12 + 175?
163
In base 2, what is -11 - 11100010?
-11100101
In base 6, what is 2 + -13351?
-13345
In base 13, what is 6 + -2?
4
In base 15, what is -9 - 0?
-9
In base 16, what is 3 - 9c?
-99
In base 7, what is 42 - -11?
53
In base 14, what is -1 + 131?
130
In base 15, what is 48 - 7?
41
In base 15, what is -4 + 20c?
208
In base 15, what is -b9 - -1?
-b8
In base 10, what is -5 + -767?
-772
In base 16, what is 43 - -1e?
61
In base 4, what is -11 + -1030?
-1101
In base 11, what is 3 - -3729?
3731
In base 6, what is 4 - 35?
-31
In base 16, what is 2f3 + -2?
2f1
In base 2, what is 0 - 100000110?
-100000110
In base 14, what is 4 - -3b?
41
In base 4, what is -10222 - 0?
-10222
In base 13, what is 165 + -2?
163
In base 10, what is -109 - -40?
-69
In base 4, what is -13201 - 2?
-13203
In base 5, what is 41 + -233?
-142
In base 14, what is -15 + 499?
484
In base 7, what is -15 - 54?
-102
In base 3, what is -1 + 11212120?
11212112
In base 15, what is 381c + 4?
3821
In base 15, what is -4 - -1b9?
1b5
In base 15, what is 5 + 414?
419
In base 5, what is -20 + -2122?
-2142
In base 15, what is 3 + 9e4?
9e7
In base 16, what is 5 - -11?
16
In base 13, what is 3 - 111?
-10b
In base 16, what is 3 - 3a?
-37
In base 16, what is -26 + -8?
-2e
In base 14, what is -11 - b?
-1c
In base 6, what is -5 - -314?
305
In base 8, what is -12 + 3531?
3517
In base 3, what is 1220 - 10101?
-1111
In base 9, what is -485 + 0?
-485
In base 4, what is -123 - -33?
-30
In base 11, what is 4 + 290?
294
In base 16, what is 2 - -70?
72
In base 15, what is -5a + -25?
-80
In base 7, what is -12111 + -1?
-12112
In base 15, what is -3 - -4d?
4a
In base 3, what is 2 - 2120?
-2111
In base 14, what is -2 - 34?
-36
In base 2, what is -110 + -10100010?
-10101000
In base 10, what is -55 + -2?
-57
In base 12, what is 5 - -129?
132
In base 15, what is -6e + -7a?
-e9
In base 7, what is -4 + -405?
-412
In base 7, what is 10 - -15?
25
In base 10, what is -10045 - 1?
-10046
In base 10, what is 335 - -48?
383
In base 4, what is -2000 - -2?
-1332
In base 11, what is -22 - -39?
17
In base 2, what is -1 + 10110?
10101
In base 11, what is -4 + 190?
187
In base 4, what is 1 + -11322?
-11321
In base 10, what is -3 + 50?
47
In base 8, what is 357 + 0?
357
In base 10, what is -167 - -5?
-162
In base 10, what is -245 - 5?
-250
In base 3, what is -1 + -1001001?
-1001002
In base 4, what is 1131 - 1232?
-101
In base 10, what is 1021 - 1?
1020
In base 14, what is 3 + 52?
55
In base 14, what is 2 + -30?
-2c
In base 6, what is 1212 + -12?
1200
In base 3, what is 12 + -2001202?
-2001120
In base 3, what is -1100 + 2012?
212
In base 7, what is 0 - 1045?
-1045
In base 8, what is 152 - -34?
206
In base 16, what is 4 + 68?
6c
In base 15, what is 5 - -93?
98
In base 8, what is -4037 - 2?
-4041
In base 4, what is -23 - -12232?
12203
In base 5, what is -314 - -4?
-310
In base 10, what is -71 + 568?
497
In base 4, what is -1112 - -103?
-1003
In base 15, what is -92 - -5?
-8c
In base 7, what is -3 + -66?
-102
In base 12, what is -71 - 10?
-81
In base 15, what is -1 + 1e22?
1e21
In base 5, what is 10 + 0?
10
In base 13, what is -2 + -28a?
-28c
In base 16, what is 12b5 - -3?
12b8
In base 14, what is 16 - b2?
-9a
In base 7, what is 0 + 552?
552
In base 2, what is 0 - -110101000?
110101000
In base 5, what is 2 + 104?
111
In base 7, what is -1 - -46?
45
In base 10, what is 154 + -4?
150
In base 15, what is -3 - 12?
-15
In base 16, what is -1 - -45e?
45d
In base 15, what is 107 + -1?
106
In base 10, what is -22 - -35?
13
In base 8, what is -2 - 46?
-50
In base 8, what is 236 - 0?
236
In base 6, what is 1 + -245?
-244
In base 2, what is -100000 - 11011110?
-11111110
In base 12, what is 198 + 5?
1a1
In base 13, what is -5 + 37?
32
In base 7, what is 166 - 4?
162
In base 2, what is 101110 - -101?
110011
In base 8, what is 26 + 72?
120
In base 16, what is 4 - -15?
19
In base 11, what is 0 + -63?
-63
In base 8, what is -3676 - 6?
-3704
In base 16, what is 3 + 14?
17
In base 6, what is 220 + -245?
-25
In base 2, what is 1100100100111 - 100?
1100100100011
In base 7, what is -12 + -16?
-31
In base 6, what is 305 - -3?
312
In base 12, what is -684 - -a?
-676
In base 4, what is -302 + 2?
-300
In base 13, what is 4 - 120?
-119
In base 16, what is 35 - -3?
38
In base 16, what is 2f2 - -5?
2f7
In base 7, what is -21126 + 4?
-21122
In base 13, what is -5 - -2a?
25
In base 4, what is 10 + -30132?
-30122
In base 4, what is -1023 - -1332?
303
In base 11, what is -2 - 473?
-475
In base 6, what is -1 + 35220?
35215
In base 3, what is 2 - -10212?
10221
In base 14, what is 23 - -2?
25
In base 11, what i